s of 8993087?
8993087
List the prime factors of 967121900.
2, 5, 173, 55903
What are the prime factors of 3171962149?
1933, 1640953
What are the prime factors of 618069094?
2, 113, 2734819
What are the prime factors of 68622761?
17, 367, 647
What are the prime factors of 1903031314?
2, 401, 2372857
List the prime factors of 141655052.
2, 7, 11, 193, 2383
List the prime factors of 120819147.
3, 4283, 9403
What are the prime factors of 3896697?
3, 7, 185557
List the prime factors of 918599.
11, 37, 61
List the prime factors of 226738718.
2, 433, 261823
List the prime factors of 322646611.
7, 46092373
List the prime factors of 196844548.
2, 49211137
What are the prime factors of 71492567?
71492567
What are the prime factors of 1561498007?
83, 18813229
List the prime factors of 103584091.
13, 7968007
What are the prime factors of 266688566?
2, 133344283
What are the prime factors of 31114180?
2, 5, 53, 149, 197
What are the prime factors of 701479904?
2, 31, 829, 853
List the prime factors of 69557565.
3, 5, 7, 11, 60223
List the prime factors of 321753825.
3, 5, 191, 7487
List the prime factors of 58580049.
3, 11, 31, 173, 331
What are the prime factors of 1476696884?
2, 13, 43, 67, 9857
List the prime factors of 677161214.
2, 338580607
List the prime factors of 421436940.
2, 3, 5, 31, 7309
List the prime factors of 7345256675.
5, 359, 818413
List the prime factors of 48592129.
48592129
List the prime factors of 29510413.
29510413
List the prime factors of 2293309074.
2, 3, 7, 7800371
List the prime factors of 702960035.
5, 61, 2304787
What are the prime factors of 151498524?
2, 3, 67, 188431
What are the prime factors of 2385190147?
2385190147
List the prime factors of 108552789.
3, 41, 294181
What are the prime factors of 747931792?
2, 31, 89, 16943
List the prime factors of 33913721.
31, 1093991
What are the prime factors of 13763961?
3, 19, 80491
List the prime factors of 322079204.
2, 80519801
What are the prime factors of 582858351?
3, 4679, 13841
List the prime factors of 954346951.
157, 6078643
List the prime factors of 76738599.
3, 7, 367, 3319
List the prime factors of 1578967232.
2, 24671363
What are the prime factors of 205893751?
7, 193, 257, 593
What are the prime factors of 57380837?
23, 2494819
List the prime factors of 551557537.
17, 32444561
What are the prime factors of 1582704981?
3, 11, 13, 17, 24113
What are the prime factors of 833589575?
5, 7, 13, 23, 89, 179
What are the prime factors of 810254236?
2, 11, 152189
What are the prime factors of 52372409?
43, 1217963
What are the prime factors of 321067754?
2, 7, 22933411
List the prime factors of 81559479.
3, 151, 180043
What are the prime factors of 48278216?
2, 7, 131, 6581
List the prime factors of 5579640834.
2, 3, 31, 29998069
What are the prime factors of 3259972177?
7, 11, 19, 53, 42043
List the prime factors of 3052796697.
3, 6043, 56131
What are the prime factors of 515456613?
3, 7, 8181851
List the prime factors of 1741144628.
2, 1093, 398249
List the prime factors of 207611173.
7, 11, 47, 57367
List the prime factors of 50963587.
71, 717797
List the prime factors of 1423998990.
2, 3, 5, 15822211
List the prime factors of 81257587.
37, 179, 12269
List the prime factors of 706173377.
7, 13, 773, 10039
What are the prime factors of 49554396?
2, 3, 37, 12401
List the prime factors of 24506939.
24506939
List the prime factors of 176525841.
3, 17, 3461291
What are the prime factors of 148264724?
2, 839, 44179
What are the prime factors of 348004832?
2, 7, 37, 199, 211
List the prime factors of 63381161.
63381161
What are the prime factors of 3332994207?
3, 1110998069
What are the prime factors of 575289421?
7, 73, 1125811
List the prime factors of 268519276.
2, 83, 808793
What are the prime factors of 202632906?
2, 3, 7, 41, 117673
What are the prime factors of 3145499057?
83, 1579, 24001
What are the prime factors of 456274376?
2, 43, 59, 22481
What are the prime factors of 6641092307?
29, 157, 1458619
What are the prime factors of 253871304?
2, 3, 10577971
What are the prime factors of 4555102?
2, 2277551
What are the prime factors of 29495858?
2, 7, 2106847
What are the prime factors of 1233170558?
2, 37, 450391
List the prime factors of 397160809.
31, 41, 89, 3511
What are the prime factors of 82149098?
2, 79, 519931
What are the prime factors of 1226594801?
1226594801
List the prime factors of 16083516.
2, 3, 29, 113, 409
List the prime factors of 38701222.
2, 7, 2764373
What are the prime factors of 147827666?
2, 7, 10559119
List the prime factors of 189664162.
2, 89, 1065529
What are the prime factors of 284736299?
19, 53, 157, 1801
List the prime factors of 66117852.
2, 3, 73, 139, 181
List the prime factors of 1319663501.
13, 103, 311, 3169
List the prime factors of 2285861943.
3, 761953981
List the prime factors of 860559546.
2, 3, 7, 11, 1862683
What are the prime factors of 19161878?
2, 83, 89, 1297
List the prime factors of 1046044140.
2, 3, 5, 23, 758003
What are the prime factors of 86155667?
13, 6627359
What are the prime factors of 570180266?
2, 1621, 175873
What are the prime factors of 626672384?
2, 13, 188303
What are the prime factors of 845464507?
845464507
What are the prime factors of 862530970?
2, 5, 7, 313, 39367
What are the prime factors of 1400947308?
2, 3, 4721, 8243
What are the prime factors of 4339466667?
3, 593, 813091
List the prime factors of 1409539310.
2, 5, 31, 181, 25121
What are the prime factors of 328259002?
2, 164129501
List the prime factors of 2421057498.
2, 3, 1193, 338231
List the prime factors of 240376893.
3, 1997, 40123
What are the prime factors of 239894650?
2, 5, 17, 282229
What are the prime factors of 6982447431?
3, 2327482477
What are the prime factors of 1151046515?
5, 61, 353, 10691
List the prime factors of 2429177488.
2, 109, 1392877
List the prime factors of 3984040251.
3, 19, 131, 293, 607
List the prime factors of 55087581.
3, 2657, 6911
List the prime factors of 448032637.
13, 17, 2027297
List the prime factors of 15656226.
2, 3, 2609371
List the prime factors of 348763493.
13, 1877, 14293
List the prime factors of 215847646.
2, 7, 61, 36107
List the prime factors of 386137452.
2, 3, 32178121
List the prime factors of 91108973.
137, 665029
List the prime factors of 8755130323.
8755130323
What are the prime factors of 212843359?
212843359
What are the prime factors of 448093804?
2, 7643, 14657
What are the prime factors of 75279776?
2, 11, 13, 16451
List the prime factors of 49110098.
2, 19, 1292371
What are the prime factors of 355653493?
13, 27357961
What are the prime factors of 14157612?
2, 3, 7, 61, 307
List the prime factors of 672070753.
1031, 651863
What are the prime factors of 42869420?
2, 5, 11, 194861
What are the prime factors of 580270827?
3, 41, 4717649
What are the prime factors of 759738489?
3, 10337, 24499
What are the prime factors of 117446673?
3, 41, 954851
List the prime factors of 12048814.
2, 1049, 5743
List the prime factors of 63137820.
2, 3, 5, 137, 7681
List the prime factors of 162866487.
3, 7, 7755547
List the prime factors of 2064822549.
3, 19, 31, 67, 107, 163
What are the prime factors of 189458059?
7, 227, 17033
List the prime factors of 555299273.
1447, 383759
List the prime factors of 32789616.
2, 3, 53, 12889
What are the prime factors of 53905764?
2, 3, 11, 251, 1627
What are the prime factors of 5489899531?
37, 47, 3156929
List the prime factors of 475112718.
2, 3, 26395151
List the prime factors of 605764174.
2, 131, 409, 5653
List the prime factors of 744538627.
7, 139, 765199
List the prime factors of 113561593.
29, 1049, 3733
What are the prime factors of 7398555349?
53503, 138283
What are the prime factors of 69017204?
2, 23, 757, 991
What are the prime factors of 224438216?
2, 17, 1650281
List the prime factors of 4661523865.
5, 269, 3465817
What are the prime factors of 1099714706?
2, 167, 941, 3499
List the prime factors of 409711290.
2, 3, 5, 13657043
List the prime factors of 2081939059.
13669, 152311
What are the prime factors of 25993034?
2, 17, 764501
List the prime factors of 4941426.
2, 3, 7, 29, 4057
List the prime factors of 112778315.
5, 13, 23, 75437
List the prime factors of 2958787623.
3, 11, 89660231
What are the prime factors of 147961263?
3